{"id":2,"date":"2022-04-21T14:36:37","date_gmt":"2022-04-21T14:36:37","guid":{"rendered":"http:\/\/agrobex-logistyka.pl\/?page_id=2"},"modified":"2022-06-23T08:45:32","modified_gmt":"2022-06-23T08:45:32","slug":"skladcelny","status":"publish","type":"page","link":"https:\/\/agrobex-logistyka.pl\/?page_id=2","title":{"rendered":"SK\u0141AD CELNY"},"content":{"rendered":"<p>[vc_row][vc_column][vc_column_text]<\/p>\n<p style=\"text-align: left;\"><span style=\"color: #000000; font-family: verdana, geneva, sans-serif;\">Mamy wielk\u0105 przyjemno\u015b\u0107 przedstawi\u0107 Pa\u0144stwu prowadzony przez nas sk\u0142ad celny. Jeste\u015bmy firm\u0105 z tradycjami. Posiadamy bogate do\u015bwiadczenie w us\u0142ugach zwi\u0105zanych z szeroko rozumian\u0105 obs\u0142ug\u0105 celn\u0105 &#8211; podatkow\u0105 importer\u00f3w i eksporter\u00f3w.<\/span><\/p>\n<p style=\"text-align: left;\"><span style=\"color: #000000; font-family: verdana, geneva, sans-serif;\">Dla wygody naszych klient\u00f3w posiadamy magazyn Sk\u0142adu Celnego oraz Magazyn czasowego sk\u0142adowania przy trasie Warszawa &#8211; BerlinA2 o \u0142\u0105cznej powierzchni 2000 m2.<\/span><\/p>\n<p style=\"text-align: left;\"><span style=\"color: #000000; font-family: verdana, geneva, sans-serif;\">Opr\u00f3cz sk\u0142adowania towar\u00f3w na terenie naszych obiekt\u00f3w oferujemy mo\u017cliwo\u015b\u0107 konfekcjonowania towaru w celu przygotowania do sprzeda\u017cy detalicznej. Konfekcjonowanie obejmuje sortowanie, przepakowanie towaru do opakowa\u0144 jednostkowych itp.<\/span><\/p>\n<p style=\"text-align: left;\"><span style=\"color: #000000; font-family: verdana, geneva, sans-serif;\">Aby zapewni\u0107 pe\u0142ne bezpiecze\u0144stwo towary z\u0142o\u017cone w Sk\u0142adzie Celnym s\u0105 ubezpieczone od nast\u0119pstw nieszcz\u0119\u015bliwych wypadk\u00f3w, kradzie\u017cy, zalania oraz po\u017caru do pe\u0142nej warto\u015bci uj\u0119tej w fakturze.<\/span><\/p>\n<p style=\"text-align: left;\"><span style=\"color: #000000; font-family: verdana, geneva, sans-serif;\">Wszystkie nasze magazyny oraz plac sk\u0142adowy s\u0105 zabezpieczone przed dost\u0119pem os\u00f3b niepowo\u0142anych, monitorowane przez ca\u0142\u0105 dob\u0119 i strze\u017cone przez renomowan\u0105 agencj\u0119 ochrony.<\/span><\/p>\n<p>&nbsp;<\/p>\n<p><span style=\"font-size: 18pt; color: #000000; font-family: verdana, geneva, sans-serif;\">KORZY\u015aCI Z KORZYSTANIA ZE SK\u0141ADU CELNEGO AGROBEX LOGISTYKA<\/span>[\/vc_column_text][\/vc_column][\/vc_row][vc_row][vc_column][vc_column_text]<\/p>\n<ul>\n<li><span style=\"color: #000000; font-family: verdana, geneva, sans-serif;\">Bezpiecze\u0144stwo \u0142adunk\u00f3w<\/span><\/li>\n<li><span style=\"color: #000000; font-family: verdana, geneva, sans-serif;\">Ubezpieczenie \u0142adunk\u00f3w<\/span><\/li>\n<li><span style=\"color: #000000; font-family: verdana, geneva, sans-serif;\">Towary z\u0142oz\u0307one w naszym magazynie sa\u0328 ubezpieczone od naste\u0328pstw nieszcze\u0328s\u0301liwych wypadko\u0301w, kradziez\u0307y, zalania oraz poz\u0307aru do pe\u0142nej wartos\u0301ci uje\u0328tej w fakturze<\/span><\/li>\n<li><span style=\"font-family: verdana, geneva, sans-serif; color: #000000;\">Po\u015brednictwo w odprawach celnych na terenie DE<\/span><\/li>\n<li><span style=\"color: #000000; font-family: verdana, geneva, sans-serif;\">Nasze wysoce efektywne po\u015brednictwo celne<\/span><\/li>\n<li><span style=\"color: #000000; font-family: verdana, geneva, sans-serif;\">Profesjonalna obs\u0142uga na najwy\u017cszym poziomie<\/span><\/li>\n<li><span style=\"color: #000000; font-family: verdana, geneva, sans-serif;\">Moz\u0307liwos\u0301c\u0301 wyprowadzenia towaru w celu dokonania pro\u0301b towaru \u2013 sprawdzenia, czy sprowadzony towar jest sprawny technicznie oraz w celu poddania towaru badaniom np. przez SANEPID<\/span><\/li>\n<\/ul>\n<div class=\"page\" title=\"Page 5\">\n<div class=\"section\">\n<div class=\"layoutArea\">\n<div class=\"column\">\n<div class=\"page\" title=\"Page 5\">\n<div class=\"section\">\n<div class=\"layoutArea\">\n<div class=\"column\"><\/div>\n<\/div>\n<\/div>\n<\/div>\n<\/div>\n<\/div>\n<\/div>\n<\/div>\n<p>[\/vc_column_text][\/vc_column][\/vc_row]<\/p>\n","protected":false},"excerpt":{"rendered":"<p>[vc_row][vc_column][vc_column_text] Mamy wielk\u0105 przyjemno\u015b\u0107 przedstawi\u0107 Pa\u0144stwu prowadzony przez nas sk\u0142ad celny. Jeste\u015bmy firm\u0105 z tradycjami. Posiadamy bogate do\u015bwiadczenie w us\u0142ugach zwi\u0105zanych z szeroko rozumian\u0105 obs\u0142ug\u0105 celn\u0105 &#8211; podatkow\u0105 importer\u00f3w i eksporter\u00f3w. Dla wygody&#8230;<\/p>\n","protected":false},"author":1,"featured_media":0,"parent":0,"menu_order":0,"comment_status":"closed","ping_status":"open","template":"","meta":{"footnotes":""},"class_list":["post-2","page","type-page","status-publish","hentry"],"_links":{"self":[{"href":"https:\/\/agrobex-logistyka.pl\/index.php?rest_route=\/wp\/v2\/pages\/2","targetHints":{"allow":["GET"]}}],"collection":[{"href":"https:\/\/agrobex-logistyka.pl\/index.php?rest_route=\/wp\/v2\/pages"}],"about":[{"href":"https:\/\/agrobex-logistyka.pl\/index.php?rest_route=\/wp\/v2\/types\/page"}],"author":[{"embeddable":true,"href":"https:\/\/agrobex-logistyka.pl\/index.php?rest_route=\/wp\/v2\/users\/1"}],"replies":[{"embeddable":true,"href":"https:\/\/agrobex-logistyka.pl\/index.php?rest_route=%2Fwp%2Fv2%2Fcomments&post=2"}],"version-history":[{"count":17,"href":"https:\/\/agrobex-logistyka.pl\/index.php?rest_route=\/wp\/v2\/pages\/2\/revisions"}],"predecessor-version":[{"id":1589,"href":"https:\/\/agrobex-logistyka.pl\/index.php?rest_route=\/wp\/v2\/pages\/2\/revisions\/1589"}],"wp:attachment":[{"href":"https:\/\/agrobex-logistyka.pl\/index.php?rest_route=%2Fwp%2Fv2%2Fmedia&parent=2"}],"curies":[{"name":"wp","href":"https:\/\/api.w.org\/{rel}","templated":true}]}}

SKŁAD CELNY

<p>[vc_row][vc_column][vc_column_text]</p>
<p style="text-align: left;"><span style="color: #000000; font-family: verdana, geneva, sans-serif;">Mamy wielką przyjemność przedstawić Państwu prowadzony przez nas skład celny. Jesteśmy firmą z tradycjami. Posiadamy bogate doświadczenie w usługach związanych z szeroko rozumianą obsługą celną &#8211; podatkową importerów i eksporterów.</span></p>
<p style="text-align: left;"><span style="color: #000000; font-family: verdana, geneva, sans-serif;">Dla wygody naszych klientów posiadamy magazyn Składu Celnego oraz Magazyn czasowego składowania przy trasie Warszawa &#8211; BerlinA2 o łącznej powierzchni 2000 m2.</span></p>
<p style="text-align: left;"><span style="color: #000000; font-family: verdana, geneva, sans-serif;">Oprócz składowania towarów na terenie naszych obiektów oferujemy możliwość konfekcjonowania towaru w celu przygotowania do sprzedaży detalicznej. Konfekcjonowanie obejmuje sortowanie, przepakowanie towaru do opakowań jednostkowych itp.</span></p>
<p style="text-align: left;"><span style="color: #000000; font-family: verdana, geneva, sans-serif;">Aby zapewnić pełne bezpieczeństwo towary złożone w Składzie Celnym są ubezpieczone od następstw nieszczęśliwych wypadków, kradzieży, zalania oraz pożaru do pełnej wartości ujętej w fakturze.</span></p>
<p style="text-align: left;"><span style="color: #000000; font-family: verdana, geneva, sans-serif;">Wszystkie nasze magazyny oraz plac składowy są zabezpieczone przed dostępem osób niepowołanych, monitorowane przez całą dobę i strzeżone przez renomowaną agencję ochrony.</span></p>
<p>&nbsp;</p>
<p><span style="font-size: 18pt; color: #000000; font-family: verdana, geneva, sans-serif;">KORZYŚCI Z KORZYSTANIA ZE SKŁADU CELNEGO AGROBEX LOGISTYKA</span>[/vc_column_text][/vc_column][/vc_row][vc_row][vc_column][vc_column_text]</p>
<ul>
<li><span style="color: #000000; font-family: verdana, geneva, sans-serif;">Bezpieczeństwo ładunków</span></li>
<li><span style="color: #000000; font-family: verdana, geneva, sans-serif;">Ubezpieczenie ładunków</span></li>
<li><span style="color: #000000; font-family: verdana, geneva, sans-serif;">Towary złożone w naszym magazynie są ubezpieczone od następstw nieszczęśliwych wypadków, kradzieży, zalania oraz pożaru do pełnej wartości ujętej w fakturze</span></li>
<li><span style="font-family: verdana, geneva, sans-serif; color: #000000;">Pośrednictwo w odprawach celnych na terenie DE</span></li>
<li><span style="color: #000000; font-family: verdana, geneva, sans-serif;">Nasze wysoce efektywne pośrednictwo celne</span></li>
<li><span style="color: #000000; font-family: verdana, geneva, sans-serif;">Profesjonalna obsługa na najwyższym poziomie</span></li>
<li><span style="color: #000000; font-family: verdana, geneva, sans-serif;">Możliwość wyprowadzenia towaru w celu dokonania prób towaru – sprawdzenia, czy sprowadzony towar jest sprawny technicznie oraz w celu poddania towaru badaniom np. przez SANEPID</span></li>
</ul>
<div class="page" title="Page 5">
<div class="section">
<div class="layoutArea">
<div class="column">
<div class="page" title="Page 5">
<div class="section">
<div class="layoutArea">
<div class="column"></div>
</div>
</div>
</div>
</div>
</div>
</div>
</div>
<p>[/vc_column_text][/vc_column][/vc_row]</p>

<p>[vc_row][vc_column][vc_column_text] Mamy wielką przyjemność przedstawić Państwu prowadzony przez nas skład celny. Jesteśmy firmą z tradycjami. Posiadamy bogate doświadczenie w usługach związanych z szeroko rozumianą obsługą celną &#8211; podatkową importerów i eksporterów. Dla wygody&#8230;</p>
